89 and 5477556?
3207
What is the greatest common divisor of 21357 and 156681?
189
What is the greatest common divisor of 224092 and 85192?
1852
What is the greatest common factor of 18191500 and 25?
25
What is the greatest common factor of 1544 and 1149160?
8
Calculate the greatest common divisor of 9820 and 308432452.
1964
Calculate the highest common factor of 24 and 1115949.
3
What is the highest common factor of 656640 and 380?
380
What is the greatest common factor of 198 and 35731674?
198
What is the highest common divisor of 6551142 and 14664?
3666
What is the highest common divisor of 17480 and 267195784?
3496
Calculate the greatest common factor of 7843233 and 34163.
269
What is the highest common factor of 1308348 and 117?
9
Calculate the greatest common divisor of 113782753 and 2084.
521
Calculate the greatest common divisor of 62104343 and 2303.
329
Calculate the greatest common divisor of 15896233 and 496059.
4469
Calculate the greatest common divisor of 1502650 and 837086.
1466
Calculate the highest common divisor of 485577 and 666507.
489
Calculate the highest common divisor of 172 and 3041218.
86
Calculate the greatest common factor of 12103 and 781079.
13
What is the greatest common factor of 114 and 31731957?
57
What is the greatest common divisor of 71815 and 33761180?
1355
What is the greatest common divisor of 132 and 17136526?
22
What is the greatest common divisor of 1348946 and 222?
74
Calculate the highest common divisor of 1544 and 11729382.
386
Calculate the highest common divisor of 34054472 and 597.
199
What is the greatest common factor of 2856 and 458129532?
1428
Calculate the highest common divisor of 44233026 and 228.
114
Calculate the greatest common divisor of 17185922 and 754.
754
Calculate the highest common divisor of 669768 and 2832.
1416
What is the highest common factor of 15 and 90097185?
15
Calculate the highest common factor of 40317156 and 144.
36
What is the greatest common divisor of 4670808 and 1368?
456
What is the highest common factor of 47018063 and 483641?
5827
Calculate the highest common factor of 27 and 328466124.
27
What is the highest common divisor of 3897 and 217314?
9
Calculate the highest common divisor of 244 and 257242246.
122
Calculate the highest common factor of 84738 and 69710154.
2922
Calculate the greatest common divisor of 520790828 and 25572.
8524
Calculate the greatest common factor of 179718 and 10938774.
462
What is the greatest common factor of 169373140 and 584?
292
What is the highest common divisor of 5487 and 3102387?
93
Calculate the highest common factor of 93842 and 7560.
14
Calculate the highest common divisor of 22 and 44977801.
11
What is the highest common divisor of 76 and 495089631?
19
Calculate the greatest common divisor of 2304 and 1304400.
48
What is the greatest common divisor of 18890 and 810?
10
What is the highest common factor of 448 and 1302310016?
448
Calculate the highest common divisor of 153 and 317019.
3
What is the greatest common factor of 850905 and 8100?
405
Calculate the highest common factor of 338782 and 151450.
466
What is the greatest common divisor of 12487536 and 144?
144
What is the greatest common divisor of 12181 and 5005?
13
Calculate the highest common factor of 3270512 and 8.
8
Calculate the highest common factor of 800 and 1044250.
50
What is the highest common factor of 756 and 3197583?
27
What is the greatest common divisor of 6735 and 27735?
15
What is the highest common divisor of 8000 and 2268352?
64
Calculate the greatest common factor of 668091883 and 1783.
1783
Calculate the highest common factor of 31770 and 46320.
30
Calculate the greatest common factor of 2640 and 14703040.
880
What is the highest common factor of 17 and 122903387?
17
What is the highest common factor of 203982870 and 130?
130
Calculate the highest common factor of 3760 and 197509040.
3760
Calculate the highest common divisor of 741 and 685893.
39
Calculate the highest common divisor of 4047881 and 12245.
79
Calculate the highest common factor of 43429849 and 1334.
29
Calculate the highest common divisor of 62 and 9684183.
31
Calculate the greatest common divisor of 15508777 and 323901.
1241
What is the greatest common factor of 20198356 and 67?
67
What is the highest common factor of 45225 and 1725?
75
What is the greatest common factor of 890 and 2566671?
89
Calculate the greatest common divisor of 54 and 74643402.
6
What is the greatest common factor of 2458246 and 71974?
742
Calculate the greatest common divisor of 111189760 and 2682.
298
Calculate the highest common factor of 279485717 and 24836.
6209
What is the highest common factor of 21289785 and 285?
285
Calculate the highest common factor of 27 and 2143127133.
27
Calculate the highest common divisor of 314 and 113626.
2
Calculate the highest common factor of 169095687 and 29860.
1493
What is the highest common factor of 2869141 and 67201?
1139
Calculate the highest common factor of 403939 and 190273.
149
What is the highest common factor of 4328320 and 304?
16
What is the greatest common divisor of 904704708 and 51?
51
Calculate the highest common factor of 484 and 532037.
121
What is the highest common factor of 258425685 and 5?
5
What is the greatest common factor of 1394 and 41391058?
82
Calculate the greatest common factor of 55613 and 280307.
19
What is the greatest common factor of 348912 and 1305?
9
Calculate the highest common divisor of 795 and 6170535.
15
Calculate the highest common divisor of 182170720 and 20.
20
Calculate the greatest common divisor of 138817 and 147.
49
Calculate the highest common divisor of 1138475 and 155.
155
What is the greatest common divisor of 32392123 and 127240?
3181
Calculate the highest common divisor of 1780 and 888014410.
890
Calculate the highest common factor of 4345795 and 251617.
697
What is the highest common divisor of 50 and 701493475?
25
Calculate the greatest common divisor of 15190080 and 18.
6
Calculate the greatest common divisor of 984 and 1284216.
24
Calculate the greatest common factor of 10435585 and 1340.
335
Calculate the highest common divisor of 119692449 and 51390.
5139
What is the highest common factor of 9260 and 425133545?
2315
Calculate the highest common factor of 6435 and 9860565.
2145
Calculate the highest common divisor of 53 and 854228401.
53
Calculate the greatest common factor of 30980 and 15160.
20
Calculate the greatest common factor of 2107414785 and 735.
735
Calculate the highest common divisor of 3092625 and 126.
9
What is the highest common divisor of 3418 and 154421822?
3418
Calculate the greatest common divisor of 310 and 49338670.
310
What is the highest common divisor of 10934 and 12361668?
1562
What is the highest common factor of 321846 and 129192?
42
Calculate the greatest common divisor of 2154091 and 493.
29
Calculate the highest common divisor of 54 and 61042950.
54
Calculate the highest common factor of 133780328 and 352.
88
What is the highest common factor of 291906 and 738?
18
Calculate the greatest common divisor of 950844 and 34102.
2006
What is the greatest common divisor of 153306 and 509031?
459
What is the highest common factor of 2432683 and 14773?
187
Calculate the highest common factor of 242827 and 81.
1
What is the highest common divisor of 5846 and 35175382?
5846
What is the greatest common factor of 14288318 and 110?
22
Calculate the greatest common divisor of 1287620306 and 14.
14
Calculate the highest common factor of 30 and 12148530.
30
Calculate the highest common factor of 24253164 and 32799.
1131
Calculate the greatest common factor of 7956 and 2564042.
442
Calculate the highest common factor of 4907 and 21965134.
701
What is the greatest common factor of 126383325 and 6?
3
Calculate the greatest common factor of 723891 and 497.
7
What is the highest common factor of 1148410 and 90?
10
Calculate the highest common factor of 225200 and 28240.
80
Calculate the greatest common factor of 5341805 and 6895.
35
Calculate the greatest common factor of 11 and 11811701.
11
What is the greatest common divisor of 17347 and 2780954?
209
Calculate the greatest common divisor of 558 and 160199568.
558
Calculate the greatest common factor of 149307481 and 301.
43
What is the greates